 of 430324443.
3, 571, 83737
List the prime factors of 721473351.
3, 41, 1619, 3623
What are the prime factors of 3420921814?
2, 1710460907
List the prime factors of 5784623470.
2, 5, 71, 8147357
List the prime factors of 1263027046.
2, 43, 14686361
What are the prime factors of 408573123?
3, 7, 577, 4817
List the prime factors of 53787611.
53787611
What are the prime factors of 888922361?
888922361
List the prime factors of 813022009.
23, 35348783
What are the prime factors of 250823019?
3, 487, 171679
What are the prime factors of 1458353826?
2, 3, 81019657
What are the prime factors of 1704392508?
2, 3, 7, 13, 1560799
List the prime factors of 94572517.
13, 281, 25889
List the prime factors of 173125227.
3, 11, 476929
What are the prime factors of 1789378169?
1789378169
What are the prime factors of 25153132?
2, 17, 107, 3457
What are the prime factors of 1369584652?
2, 342396163
List the prime factors of 3363042081.
3, 7, 233, 687317
List the prime factors of 82388426.
2, 17, 59, 67, 613
List the prime factors of 143479245.
3, 5, 7, 13, 257, 409
List the prime factors of 18845850.
2, 3, 5, 125639
List the prime factors of 238254620.
2, 5, 11912731
List the prime factors of 100248021.
3, 59, 188791
List the prime factors of 700886192.
2, 31, 1413077
What are the prime factors of 358646050?
2, 5, 7, 1024703
List the prime factors of 4587538628.
2, 59, 19438723
List the prime factors of 465967679.
29, 53, 157, 1931
List the prime factors of 37239795.
3, 5, 163, 5077
List the prime factors of 102093175.
5, 19, 37, 157
What are the prime factors of 40716490?
2, 5, 59, 69011
List the prime factors of 605918020.
2, 5, 457, 66293
What are the prime factors of 11652810?
2, 3, 5, 13, 29879
List the prime factors of 174991855.
5, 34998371
List the prime factors of 7497428.
2, 29, 64633
List the prime factors of 289560786.
2, 3, 211, 331, 691
List the prime factors of 105577336.
2, 61, 216347
What are the prime factors of 791976359?
61, 421, 30839
What are the prime factors of 111198399?
3, 13, 23, 53, 2339
List the prime factors of 464482881.
3, 2687, 19207
What are the prime factors of 179583627?
3, 1013, 59093
List the prime factors of 2341768260.
2, 3, 5, 13, 1667, 1801
What are the prime factors of 2664791886?
2, 3, 199, 2231819
List the prime factors of 6924989.
167, 41467
List the prime factors of 568390572.
2, 3, 409, 38603
List the prime factors of 2475900379.
67, 36953737
What are the prime factors of 530338025?
5, 7, 23, 2689
List the prime factors of 97971613.
53, 79, 23399
List the prime factors of 123633681.
3, 103, 400109
What are the prime factors of 2079785340?
2, 3, 5, 113, 102251
What are the prime factors of 256658210?
2, 5, 25665821
What are the prime factors of 125618631?
3, 41872877
What are the prime factors of 7159897?
29, 149, 1657
What are the prime factors of 22264308?
2, 3, 11, 6247
List the prime factors of 34676582.
2, 17338291
List the prime factors of 422493316.
2, 7, 17, 53, 16747
List the prime factors of 9923688.
2, 3, 45943
List the prime factors of 177982825.
5, 1637, 4349
List the prime factors of 91666173.
3, 73, 89, 4703
List the prime factors of 17241211.
13, 102019
List the prime factors of 1386742120.
2, 5, 101, 343253
What are the prime factors of 729046310?
2, 5, 523, 139397
List the prime factors of 156045581.
43, 3628967
List the prime factors of 581286831.
3, 17, 11397781
What are the prime factors of 457581080?
2, 5, 11, 31, 33547
What are the prime factors of 1287910929?
3, 2741, 156623
List the prime factors of 263918760.
2, 3, 5, 7, 314189
What are the prime factors of 381808268?
2, 19, 421, 11933
What are the prime factors of 805356758?
2, 4409, 91331
What are the prime factors of 665021897?
73, 124793
What are the prime factors of 1690523265?
3, 5, 17, 397, 16699
What are the prime factors of 127900511?
9181, 13931
What are the prime factors of 3225765219?
3, 149, 229, 31513
List the prime factors of 5162293119.
3, 1720764373
List the prime factors of 726210919.
7, 2117233
List the prime factors of 56529900.
2, 3, 5, 7, 997
List the prime factors of 7842994296.
2, 3, 23, 31, 458333
What are the prime factors of 54413668?
2, 17, 181, 4421
What are the prime factors of 1726596822?
2, 3, 1097, 262321
What are the prime factors of 33167826?
2, 3, 614219
What are the prime factors of 1885946190?
2, 3, 5, 127, 277, 1787
List the prime factors of 577395547.
577395547
What are the prime factors of 178890890?
2, 5, 19, 71, 89, 149
What are the prime factors of 20006131?
139, 163, 883
List the prime factors of 1034264766.
2, 3, 172377461
What are the prime factors of 63780939?
3, 87491
What are the prime factors of 69715993?
31, 47, 59, 811
List the prime factors of 7962503373.
3, 11, 2203, 3319
List the prime factors of 235556678.
2, 7, 151, 111427
What are the prime factors of 613896122?
2, 7, 43, 97, 10513
What are the prime factors of 76015481?
1231, 61751
What are the prime factors of 4442651?
1823, 2437
What are the prime factors of 1025598807?
3, 5861, 6481
List the prime factors of 209842991.
977, 214783
List the prime factors of 387280536.
2, 3, 17, 353, 2689
What are the prime factors of 117229617?
3, 61, 213533
List the prime factors of 52120534.
2, 19, 1371593
What are the prime factors of 351269091?
3, 31, 1259029
What are the prime factors of 34924875?
3, 5, 93133
What are the prime factors of 28999222?
2, 7, 2071373
What are the prime factors of 2204116287?
3, 563, 1304983
What are the prime factors of 8110464?
2, 3, 21121
List the prime factors of 973997553.
3, 61, 1301, 4091
List the prime factors of 598477179.
3, 47, 59, 71941
List the prime factors of 35314186.
2, 181, 97553
What are the prime factors of 43833353?
349, 125597
What are the prime factors of 49916963?
49916963
List the prime factors of 211607201.
13, 89, 182893
List the prime factors of 30345131.
293, 103567
What are the prime factors of 28671917?
28671917
What are the prime factors of 45165108?
2, 3, 41, 2239
List the prime factors of 73553717.
281, 261757
What are the prime factors of 48694867?
13, 47, 79697
What are the prime factors of 85008921?
3, 28336307
List the prime factors of 296143212.
2, 3, 24678601
List the prime factors of 3089728653.
3, 11, 93628141
What are the prime factors of 87283432?
2, 10910429
List the prime factors of 189879166.
2, 94939583
What are the prime factors of 474275471?
4057, 116903
What are the prime factors of 13183034?
2, 6591517
List the prime factors of 2382657714.
2, 3, 4339, 10169
List the prime factors of 51671749.
51671749
List the prime factors of 167418411.
3, 97, 139, 4139
What are the prime factors of 99243153?
3, 11027017
What are the prime factors of 25937236?
2, 13, 239, 2087
List the prime factors of 201091141.
31, 6486811
What are the prime factors of 217760567?
217760567
What are the prime factors of 64673602?
2, 7, 151, 30593
What are the prime factors of 114712000?
2, 5, 13, 1103
What are the prime factors of 214621210?
2, 5, 1381, 15541
What are the prime factors of 757865625?
3, 5, 11, 7349
What are the prime factors of 38111886?
2, 3, 389, 5443
List the prime factors of 74564223.
3, 24854741
List the prime factors of 318627584.
2, 11, 113149
List the prime factors of 52621082.
2, 71, 370571
List the prime factors of 221646601.
11, 643, 31337
List the prime factors of 139531037.
179, 317, 2459
What are the prime factors of 245999714?
2, 307, 400651
What are the prime factors of 61473821?
157, 391553
List the prime factors of 7155447614.
2, 7, 19, 23, 211, 241
List the prime factors of 106300487.
1733, 61339
What are the prime factors of 193082424?
2, 3, 23, 349787
What are the prime factors of 4521098511?
3, 97, 257, 2239
What are the prime factors of 4438281?
3, 67, 71, 311
What are the prime factors of 39460228?
2, 9865057
What are the prime factors of 746504779?
6277, 118927
What are the prime factors of 542114251?
7, 19, 83, 49109
What are the prime factors of 214030725?
3, 5, 19, 150197
List the prime factors of 127960957.
71, 1802267
List the prime factors of 114308428.
2, 13, 389, 5651
What are the prime factors of 170931393?
3, 18992377
List the prime factors of 3711765798.
2, 3, 13, 409, 38783
List the prime factors of 38549857.
67, 575371
List the prime